ppose 2*t + 0*b = -b + 168, 0 = t + 4*b - 70. Let m = -16 + t. Is 10 a factor of m?
True
Suppose 3*x + 577 = d, 15*x - 17*x = 0. Is 4 a factor of d?
False
Let m = -308 - -424. Is m a multiple of 5?
False
Let b = 3 - -11. Let y = b + -14. Suppose 2*l - 30 - 6 = y. Does 4 divide l?
False
Suppose 7*b + 402 = 10*b. Let w = b - 62. Is 6 a factor of w?
True
Let t(p) = -p**3 + 19*p**2 + 5*p - 8. Let h be t(20). Does 18 divide 1/(-4) - (h/16 - -1)?
True
Suppose 5*u + 6 = -9. Let a be 4/3*u*1. Does 10 divide 1 - (0/a + -59)?
True
Let w = 17 + -12. Let f(h) = 2*h**2 - 3*h - 3. Let a be f(w). Let z = 12 + a. Is 22 a factor of z?
True
Let j(s) = -s**3 + 6*s**2 + 6*s + 9. Let l be j(7). Let w(p) = 0 + 5*p - 5 + l. Is 12 a factor of w(7)?
False
Let r = -106 + 168. Does 2 divide r?
True
Suppose -5*m + 2*p = -313 - 38, -p = 3*m - 204. Let t = -40 - -45. Suppose 2*s = t*k - m, s + 24 = 2*k - s. Is k a multiple of 4?
False
Let d = -273 - -315. Is d a multiple of 2?
True
Let p = 102 + -72. Is 5 a factor of p?
True
Suppose 0 = -5*r - 4*v + 1599, -2*r + 4*v + 339 + 323 = 0. Is r a multiple of 19?
True
Let g(u) = -u + 269. Is g(0) a multiple of 11?
False
Suppose -f = 64*f - 238095. Is 111 a factor of f?
True
Let t = 258 + 21. Is 9 a factor of t?
True
Suppose 10500 = -1530*c + 1540*c. Does 10 divide c?
True
Let j = 186 + -180. Does 3 divide j?
True
Suppose 33354 = 9*g + 8*g. Is g a multiple of 77?
False
Let l(s) be the third derivative of s**6/120 - s**5/30 - s**4/6 + s**3/3 + 6*s**2. Let i be l(3). Is -19 + 20 + 40 + i a multiple of 10?
True
Suppose 11*b = 8*b - 72. Is b/(-16)*100/6 a multiple of 6?
False
Let j be (-18)/((15/(-2))/(-5)). Let z = 60 + j. Is z a multiple of 8?
True
Let w be (-24)/(-18) - (-2)/3. Suppose 0 = m + w*m - 180. Suppose i - m = -4*i. Is i a multiple of 4?
True
Let l(m) = 66*m**2 - 7*m - 30. Is 62 a factor of l(-4)?
True
Suppose 5*p = -7*i + 8*i + 6750, 4050 = 3*p + 3*i. Is 18 a factor of p?
True
Let x be 3 + (-1 + 3 - 2). Suppose -z - 4*h + 8 = -9*h, x*h = -z + 16. Is 11 a factor of z?
False
Let a(j) be the third derivative of j**7/1260 + 7*j**6/720 + j**5/24 - j**4/4 - 8*j**2. Let r(v) be the second derivative of a(v). Does 10 divide r(-5)?
True
Let v = -86 - -185. Suppose 217 + v = 4*l. Suppose 3 = 3*b, l + 63 = 5*d + 2*b. Is 20 a factor of d?
False
Let d(j) = 25*j**2 + 12*j + 24. Does 18 divide d(4)?
False
Suppose 1336 + 1509 = 5*f. Suppose f = -3*h + 2*h - 4*g, 0 = -5*g - 20. Is 10 a factor of h/(-28) + (-3)/(-12)?
True
Let s(w) = w**3 - 7*w**2 - 9*w. Let j be s(8). Let z = j - -17. Is 24 a factor of z - 8 - (-47)/1?
True
Suppose 4*w = 5*w - 2*a - 201, 2*w - 3*a - 400 = 0. Is w a multiple of 2?
False
Let u(a) = -18*a - 5*a**3 + 15*a**2 + a**3 + 3*a**3 + 3. Is u(13) a multiple of 10?
False
Suppose 34 + 5 = 3*p. Is 13 a factor of p + (0 - 0)*(-9)/18?
True
Suppose 151 = 3*k - 6122. Does 51 divide k?
True
Let m(a) = -375*a + 32. Does 11 divide m(-1)?
True
Suppose z - 147 = 214. Is z a multiple of 21?
False
Suppose 0 = -27*k + 17*k + 230. Does 23 divide k?
True
Let n(i) = -2143*i**3 - 7*i**2 - 5*i + 1. Is n(-1) a multiple of 51?
True
Let s(c) = -c - 16. Let h be s(-16). Let d = 35 + h. Is 7 a factor of d?
True
Suppose -17*s + 24258 = 22*s. Is 18 a factor of s?
False
Suppose -5*i + 4*k + 1685 = 555, -i = 2*k - 240. Does 10 divide i?
True
Suppose 944 = 6*j + 224. Is 15 a factor of j?
True
Suppose 314 = 2*i - 1340. Is 16 a factor of i?
False
Let p(a) = -3*a**2 + 7*a**2 + 3 + a**2 - 4*a**2 + 4*a. Let u be p(-6). Suppose -h + 5*m = -u, -3*h + m = -h - 39. Is 10 a factor of h?
True
Let a(p) = 9*p**3 - 12*p**2 + 33*p - 154. Is a(5) a multiple of 19?
True
Let c(f) = 20*f**3 + 6*f**2 - 5*f. Is c(4) a multiple of 7?
False
Suppose 1282 = 8*n - 11598. Is n a multiple of 26?
False
Let i = -15 + 9. Let t(r) = -14*r**2 + 4 + 12*r**2 - 15*r - 13. Does 9 divide t(i)?
True
Suppose 141*s - 40 = 137*s. Suppose 4*n - 6*v + v - 503 = 0, 2*v - s = 0. Is n a multiple of 49?
False
Is 48 a factor of ((-1390)/25)/(6/(-15)) + 5?
True
Let o = -25 + 29. Let z(x) = 3*x - 18. Let d(h) = 4*h - 18. Let k(u) = o*d(u) - 5*z(u). Is 7 a factor of k(-6)?
False
Let l = -863 - -1799. Does 6 divide l?
True
Suppose -5*w + 1231 = 8*p - 4*p, 3*p + w = 915. Does 4 divide p?
True
Let q(f) be the second derivative of -f**5/20 + 4*f**4/3 + 9*f**3/2 + 11*f**2 - 53*f. Does 15 divide q(17)?
False
Let r(l) = -37*l - 27*l - 32*l + 107*l + 1 - l**3 - 6*l**2. Is r(-8) a multiple of 4?
False
Let t(x) = x**2 - 13*x - 33. Let f be 14/21 + (-147)/(-9). Does 27 divide t(f)?
False
Let y(m) = -2 - 4 + 38*m - 5 + 6. Is 13 a factor of y(1)?
False
Let z = -1875 + 1942. Is z a multiple of 5?
False
Suppose 759 = 5*t - 5*c - 2691, -2760 = -4*t - 3*c. Is t a multiple of 34?
False
Suppose 0 = 3*p - 2*u + 2 - 6, -3*u + 4 = -2*p. Let k be p + -2 + 4/1. Is (-816)/(-40) - k/(-10) a multiple of 7?
True
Suppose -4*w = -6*w + 6. Suppose -20 = -w*j - 2*j. Suppose 0 = j*l - 246 - 2. Is l a multiple of 31?
True
Let z be 6 + (-1)/(5/30). Suppose -5*f + 14 = -2*f + r, 17 = 4*f + 3*r. Suppose v + b - 41 = 0, z = -4*b - f - 11. Is v a multiple of 11?
False
Let n(b) = 2*b**2 - 7*b + 8. Let x be n(6). Suppose 10*f - 2*v - 218 = 5*f, v - x = -f. Does 21 divide f?
True
Let x(h) = -h - 14. Let o be x(-10). Let m be (26/(-13))/(o/50). Suppose -b - 40 = -4*g - 0*b, -3*g + 2*b = -m. Is 3 a factor of g?
False
Let h(z) = 5*z + 1. Let l(f) = f + 1. Let a(w) = h(w) + 4*l(w). Is 35 a factor of a(6)?
False
Let s(q) = -q + 1. Let l(w) = w**3 + 3*w**2 + 4*w + 7. Let g be l(-3). Let a(j) = -4*j**2 + 5*j - 6. Let z(i) = g*s(i) - a(i). Does 9 divide z(-3)?
False
Let a(z) = z**2 + 12*z + 38. Is 8 a factor of a(-17)?
False
Let d = 16 + -11. Suppose 4*b + 3*q = 165, -44 = -b - 3*q - d. Is b a multiple of 11?
False
Suppose 0 = 183*o - 180*o - 552. Is o a multiple of 4?
True
Let a(u) = -2*u**3 - 13*u**2 - 27*u - 34. Is a(-7) a multiple of 12?
True
Let v(n) = -n**2 - 9*n - 8. Let s be v(-8). Suppose -2*m - 56 = -g, -g + s*m - 2*m = -64. Is g a multiple of 20?
True
Let w(q) = -29*q**2 - 3*q + q**3 + 0*q**3 + 24*q**2 - q + 2. Let r(a) = a + 18. Let j be r(-12). Is 14 a factor of w(j)?
True
Suppose 5*f = q + 8 + 14, 13 = 5*f - 4*q. Suppose n = f*a - 2, 5*n - 3*a + 0*a + 32 = 0. Is 9 a factor of (-77)/n + -1*2?
True
Let m = -28 - -43. Let x = 17 - m. Suppose -w + x*n + 25 = -27, 16 = 4*n. Is w a multiple of 12?
True
Let s = 87 - 100. Suppose -4*m + 0*m + 72 = 0. Let r = s + m. Is r a multiple of 2?
False
Let y(z) = -z**3 + 6*z**2 + 6*z + 8. Let w be y(7). Suppose -5*g - w = -3*x - 3*g, -4 = -2*x - 2*g. Let n = x + 2. Does 3 divide n?
True
Let k(b) = -13*b**3 + b**2 + 2*b + 8. Is 53 a factor of k(-4)?
True
Let z(m) = 3*m - 2 - 4*m - 5*m**2 - m + 2*m**3 + 3*m. Let g(i) = -i**2 + 10*i + 4. Let s be g(10). Is z(s) a multiple of 26?
False
Let f(h) = h**3 - 22*h**2 + 1380. Is 46 a factor of f(0)?
True
Let l be 593*(-2)/(-6) - (-2)/6. Suppose 9*h = 8*h + l. Does 9 divide h?
True
Let a(j) = 9*j**3 - 3*j**2 + 9*j - 1. Let g(t) = 17*t**3 - 7*t**2 + 19*t - 1. Let x(l) = 5*a(l) - 2*g(l). Is x(3) a multiple of 51?
True
Let s(q) = -q**3 + 3*q**2 + q + 4. Let r be s(3). Let n(u) = 2*u**2 - 11*u + 15. Is n(r) a multiple of 36?
True
Let q be ((-102)/(-5))/((-3)/(-20)). Suppose 2*j + 5*i = q - 30, 3*j - 181 = -2*i. Suppose -2*f + j = f. Does 7 divide f?
True
Let l be (-3)/(9/6)*-1. Suppose k + 3*k + 4*y - 40 = 0, -l*y - 16 = -k. Let x = -5 + k. Does 6 divide x?
False
Suppose -4*b = -45*i + 46*i - 1742, 2*b = -2*i + 3472. Is 17 a factor of i?
True
Let v = 196 - 200. Let i(h) = h + 1. Let d(c) = -4*c + 11. Let y(t) = d(t) - 3*i(t). Does 12 divide y(v)?
True
Is 33 a factor of (-20)/(-110) + (12963/33 - -3)?
True
Let h(y) = -5*y + 7. Let n be h(-7). Let r = 21 - 18. Let k = n + r. Does 13 divide k?
False
Suppose -4*o - 13 - 2 = 3*f, -3*f - 15 = 0. Let c(u) = 5*u + o + 3*u + 1. Is 3 a factor of c(1)?
True
Suppose 0 = -4*d - d. Suppose 0 = y, 3*y + d*y - 8 = 4*r. Is 15 a factor of ((-295)/10)/(1/r)?
False
Let k(j) = 9*j**2 - 6*j**2 - 4*j**2 - 2*j - 25*j**3. Does 4 divide k(-1)?
False
Suppose 14*z = 19*z - 75. Suppose 0 = -2*y + 5*p - 22, z = -4*y + 3*p - 15. Let n(c) = c**3 + 8*c**2 - 4*c + 8. Is n(y) a multiple of 13?
True
Let c(p) = -p**3 - 2*p**2 + p + 1. Let w be c(-2